71812361?
2
What is the hundred millions digit of 101158383?
1
What is the hundred thousands digit of 74857766?
8
What is the hundred thousands digit of 519533056?
5
What is the thousands digit of 88328659?
8
What is the millions digit of 36737322?
6
What is the hundreds digit of 445755003?
0
What is the hundred thousands digit of 188879039?
8
What is the thousands digit of 508084651?
4
What is the millions digit of 64099963?
4
What is the hundreds digit of 5109238425?
4
What is the ten millions digit of 357509307?
5
What is the ten millions digit of 262062493?
6
What is the hundreds digit of 298041429?
4
What is the tens digit of 2309122114?
1
What is the hundred thousands digit of 84340971?
3
What is the hundred thousands digit of 46609311?
6
What is the hundred millions digit of 145063971?
1
What is the hundred thousands digit of 2716279057?
2
What is the thousands digit of 55732976?
2
What is the tens digit of 32309277?
7
What is the ten millions digit of 1827966604?
2
What is the thousands digit of 49506338?
6
What is the thousands digit of 315418146?
8
What is the ten millions digit of 115185950?
1
What is the hundreds digit of 182573157?
1
What is the billions digit of 1433917005?
1
What is the thousands digit of 359452972?
2
What is the hundred millions digit of 676813214?
6
What is the millions digit of 146958342?
6
What is the hundred thousands digit of 1608078300?
0
What is the ten thousands digit of 991300985?
0
What is the tens digit of 72795846?
4
What is the hundreds digit of 15330538?
5
What is the millions digit of 157156684?
7
What is the ten thousands digit of 289873182?
7
What is the hundreds digit of 2386652133?
1
What is the ten thousands digit of 60331849?
3
What is the ten millions digit of 35820874?
3
What is the units digit of 987574995?
5
What is the hundreds digit of 507156939?
9
What is the hundred thousands digit of 1084988934?
9
What is the ten millions digit of 1219169929?
1
What is the millions digit of 74653674?
4
What is the tens digit of 374447968?
6
What is the thousands digit of 853049426?
9
What is the ten thousands digit of 131278825?
7
What is the hundred millions digit of 4743913183?
7
What is the ten millions digit of 1443900362?
4
What is the tens digit of 139632045?
4
What is the hundreds digit of 36452199?
1
What is the tens digit of 11873772?
7
What is the millions digit of 2527164711?
7
What is the hundred millions digit of 1279457888?
2
What is the tens digit of 5352931157?
5
What is the tens digit of 250019592?
9
What is the millions digit of 133715544?
3
What is the millions digit of 1061121076?
1
What is the hundreds digit of 31243414?
4
What is the ten millions digit of 237445190?
3
What is the hundreds digit of 25537742?
7
What is the hundred millions digit of 1671009898?
6
What is the ten thousands digit of 161794419?
9
What is the hundred millions digit of 673522376?
6
What is the millions digit of 66576021?
6
What is the hundred thousands digit of 13413804?
4
What is the ten millions digit of 57347046?
5
What is the millions digit of 1554536066?
4
What is the millions digit of 94589036?
4
What is the hundreds digit of 769965154?
1
What is the ten millions digit of 121646401?
2
What is the hundreds digit of 354784180?
1
What is the tens digit of 773876782?
8
What is the millions digit of 1717939741?
7
What is the thousands digit of 48733458?
3
What is the hundred millions digit of 2242288821?
2
What is the ten thousands digit of 180325549?
2
What is the hundred millions digit of 206174644?
2
What is the ten millions digit of 165952898?
6
What is the hundred thousands digit of 213377751?
3
What is the millions digit of 185899276?
5
What is the units digit of 103048582?
2
What is the hundred thousands digit of 37587968?
5
What is the ten millions digit of 530174093?
3
What is the tens digit of 259606889?
8
What is the millions digit of 150189872?
0
What is the tens digit of 1356180344?
4
What is the thousands digit of 1298578717?
8
What is the ten millions digit of 37790755?
3
What is the hundred millions digit of 2765075477?
7
What is the thousands digit of 124662157?
2
What is the hundreds digit of 47028088?
0
What is the units digit of 426477671?
1
What is the hundred thousands digit of 122595352?
5
What is the millions digit of 1852104181?
2
What is the tens digit of 490502870?
7
What is the hundred thousands digit of 30941454?
9
What is the ten millions digit of 121881843?
2
What is the tens digit of 33766664?
6
What is the ten thousands digit of 1835289?
3
What is the ten millions digit of 15820348?
1
What is the ten millions digit of 72522903?
7
What is the ten thousands digit of 36293157?
9
What is the ten millions digit of 685598205?
8
What is the ten thousands digit of 123021457?
2
What is the thousands digit of 22614979?
4
What is the ten thousands digit of 196280762?
8
What is the units digit of 66905567?
7
What is the ten thousands digit of 22852747?
5
What is the hundred thousands digit of 4370668?
3
What is the tens digit of 5366138216?
1
What is the ten thousands digit of 56171179?
7
What is the billions digit of 1214181293?
1
What is the units digit of 24948124?
4
What is the ten thousands digit of 78437770?
3
What is the millions digit of 66443428?
6
What is the thousands digit of 57872973?
2
What is the tens digit of 8525462?
6
What is the hundred thousands digit of 75869958?
8
What is the hundreds digit of 53833855?
8
What is the tens digit of 268890140?
4
What is the ten millions digit of 5055614885?
5
What is the millions digit of 1403660769?
3
What is the ten millions digit of 33064007?
3
What is the ten millions digit of 48897095?
4
What is the ten millions digit of 3105595747?
0
What is the hundred thousands digit of 333988035?
9
What is the thousands digit of 88446615?
6
What is the units digit of 530320015?
5
What is the thousands digit of 82822914?
2
What is the units digit of 2357721507?
7
What is the hundred millions digit of 100734843?
1
What is the hundreds digit of 128504688?
6
What is the millions digit of 117423943?
7
What is the units digit of 232447422?
2
What is the hundreds digit of 34137616?
6
What is the hundreds digit of 2089275285?
2
What is the ten millions digit of 690656533?
9
What is the hundred millions digit of 113981144?
1
What is the tens digit of 138849411?
1
What is the tens digit of 73679798?
9
What is the hundred millions digit of 3093581879?
0
What is the ten thousands digit of 571048244?
4
What is the hundreds digit of 10244?
2
What is the thousands digit of 1911298?
1
What is the billions digit of 4545772115?
4
What is the thousands digit of 2485396854?
6
What is the ten millions digit of 978602288?
7
What is the hundred thousands digit of 34034842?
0
What is the ten thousands digit of 3563408657?
0
What is the hundred thousands digit of 69297413?
2
What is the tens digit of 59472653?
5
What is the hundred thousands digit of 4421795906?
7
What is the ten thousands digit of 251812729?
1
What is the tens digit of 30975366?
6
What is the units digit of 50889618?
8
What is the ten millions digit of 24220093?
2
What is the thousands digit of 5130937417?
7
What is the ten thousands digit of 57650141?
5
What is the hundreds digit of 351552485?
4
What is the hundreds digit of 494962171?
1
What is the hundred millions digit of 157418711?
1
What is the ten thousands digit of 284156920?
5
What is the thousands digit of 200030205?
0
What is the thousands digit of 660920872?
0
What is the millions digit of 188876888?
8
What is the millions digit of 227940176?
7
What is the hundreds digit of 657648720?
7
What is the ten millions digit of 401467607?
0
What is the tens digit of 14301090?
9
What is the units digit of 181239685?
5
What is the hundred millions digit of 247633917?
2
What is the millions digit of 190071320?
0
What is the thousands digit of 934829110?
9
What is the ten millions digit of 97720130?
9
What is the billions digit of 5603567055?
5
What is the units digit of 5704280887?
7
What is the ten thousands digit of 5514710?
1
What is the thousands digit of 35485657?
5
What is the ten millions digit of 343064625?
4
What is the millions digit of 43166308?
3
What is the hundred millions digit of 251918703?
2
What is the ten millions di